{"id":33,"date":"2015-09-08T21:09:55","date_gmt":"2015-09-08T21:09:55","guid":{"rendered":"http:\/\/guinet-osteopathe.fr\/?page_id=33"},"modified":"2015-09-11T12:01:17","modified_gmt":"2015-09-11T12:01:17","slug":"legislations","status":"publish","type":"page","link":"http:\/\/guinet-osteopathe.fr\/index.php\/legislations\/","title":{"rendered":"L\u00e9gislation"},"content":{"rendered":"<p>Les Ecoles agr\u00e9\u00e9es d\u00e9livrent une formation minimum de 3 ann\u00e9es.<br \/>\nLe Coll\u00e8ge Ost\u00e9opathique Europ\u00e9en de Cergy qui m&#8217;a form\u00e9e, d\u00e9livre le dipl\u00f4me \u00e0 l&#8217;issue d&#8217;une formation de 6 ann\u00e9es avec soutenance de m\u00e9moire, conduisant au titre d&#8217;Ost\u00e9opathe D.O. (Dipl\u00f4me en Ost\u00e9opathie).<\/p>\n<p>La liste des actes que les ost\u00e9opathes sont autoris\u00e9s \u00e0 pratiquer et les conditions dans lesquelles ils sont appel\u00e9s \u00e0 les accomplir sont aussi r\u00e9glement\u00e9s par les d\u00e9crets de mars 2007.<\/p>\n<p>Bien que reconnue comme pratique m\u00e9dicale, l&#8217;ost\u00e9opathie n&#8217;est toujours pas rembours\u00e9e par la S\u00e9curit\u00e9 Sociale. Cependant de plus en plus de mutuelles assurent le remboursement total ou partiel des consultations.<\/p>\n<p>L&#8217;ost\u00e9opathie, discipline fond\u00e9e au XIX\u00e8me si\u00e8cle, n&#8217;est officiellement reconnue en France que depuis le texte de loi du 4 mars 2002. Cinq ann\u00e9es ont \u00e9t\u00e9 n\u00e9cessaires pour que les d\u00e9crets d&#8217;application soient publi\u00e9s (25 mars 2007).<\/p>\n","protected":false},"excerpt":{"rendered":"<p>Les Ecoles agr\u00e9\u00e9es d\u00e9livrent une formation minimum de 3 ann\u00e9es. Le Coll\u00e8ge Ost\u00e9opathique Europ\u00e9en de Cergy qui m&#8217;a form\u00e9e, d\u00e9livre le dipl\u00f4me \u00e0 l&#8217;issue d&#8217;une formation de 6 ann\u00e9es avec soutenance de m\u00e9moire, conduisant au titre d&#8217;Ost\u00e9opathe D.O. (Dipl\u00f4me en Ost\u00e9opathie). La liste des actes que les ost\u00e9opathes sont autoris\u00e9s \u00e0 pratiquer et les conditions [&hellip;]<\/p>\n","protected":false},"author":1,"featured_media":0,"parent":0,"menu_order":0,"comment_status":"closed","ping_status":"closed","template":"templates\/template-full.php","meta":[],"yoast_head":"<!-- This site is optimized with the Yoast SEO plugin v19.8 - https:\/\/yoast.com\/wordpress\/plugins\/seo\/ -->\n<title>L\u00e9gislation - Caroline Guinet<\/title>\n<meta name=\"robots\" content=\"index, follow, max-snippet:-1, max-image-preview:large, max-video-preview:-1\" \/>\n<link rel=\"canonical\" href=\"http:\/\/guinet-osteopathe.fr\/index.php\/legislations\/\" \/>\n<meta property=\"og:locale\" content=\"en_US\" \/>\n<meta property=\"og:type\" content=\"article\" \/>\n<meta property=\"og:title\" content=\"L\u00e9gislation - Caroline Guinet\" \/>\n<meta property=\"og:description\" content=\"Les Ecoles agr\u00e9\u00e9es d\u00e9livrent une formation minimum de 3 ann\u00e9es. Le Coll\u00e8ge Ost\u00e9opathique Europ\u00e9en de Cergy qui m&#8217;a form\u00e9e, d\u00e9livre le dipl\u00f4me \u00e0 l&#8217;issue d&#8217;une formation de 6 ann\u00e9es avec soutenance de m\u00e9moire, conduisant au titre d&#8217;Ost\u00e9opathe D.O. (Dipl\u00f4me en Ost\u00e9opathie). La liste des actes que les ost\u00e9opathes sont autoris\u00e9s \u00e0 pratiquer et les conditions [&hellip;]\" \/>\n<meta property=\"og:url\" content=\"http:\/\/guinet-osteopathe.fr\/index.php\/legislations\/\" \/>\n<meta property=\"og:site_name\" content=\"Caroline Guinet\" \/>\n<meta property=\"article:modified_time\" content=\"2015-09-11T12:01:17+00:00\" \/>\n<meta name=\"twitter:card\" content=\"summary_large_image\" \/>\n<meta name=\"twitter:label1\" content=\"Est. reading time\" \/>\n\t<meta name=\"twitter:data1\" content=\"1 minute\" \/>\n<script type=\"application\/ld+json\" class=\"yoast-schema-graph\">{\"@context\":\"https:\/\/schema.org\",\"@graph\":[{\"@type\":\"WebPage\",\"@id\":\"http:\/\/guinet-osteopathe.fr\/index.php\/legislations\/\",\"url\":\"http:\/\/guinet-osteopathe.fr\/index.php\/legislations\/\",\"name\":\"L\u00e9gislation - Caroline Guinet\",\"isPartOf\":{\"@id\":\"https:\/\/guinet-osteopathe.fr\/#website\"},\"datePublished\":\"2015-09-08T21:09:55+00:00\",\"dateModified\":\"2015-09-11T12:01:17+00:00\",\"breadcrumb\":{\"@id\":\"http:\/\/guinet-osteopathe.fr\/index.php\/legislations\/#breadcrumb\"},\"inLanguage\":\"en-US\",\"potentialAction\":[{\"@type\":\"ReadAction\",\"target\":[\"http:\/\/guinet-osteopathe.fr\/index.php\/legislations\/\"]}]},{\"@type\":\"BreadcrumbList\",\"@id\":\"http:\/\/guinet-osteopathe.fr\/index.php\/legislations\/#breadcrumb\",\"itemListElement\":[{\"@type\":\"ListItem\",\"position\":1,\"name\":\"Accueil\",\"item\":\"https:\/\/guinet-osteopathe.fr\/\"},{\"@type\":\"ListItem\",\"position\":2,\"name\":\"L\u00e9gislation\"}]},{\"@type\":\"WebSite\",\"@id\":\"https:\/\/guinet-osteopathe.fr\/#website\",\"url\":\"https:\/\/guinet-osteopathe.fr\/\",\"name\":\"Caroline Guinet\",\"description\":\"Cabinet d&#039;Ost&eacute;opathie\",\"potentialAction\":[{\"@type\":\"SearchAction\",\"target\":{\"@type\":\"EntryPoint\",\"urlTemplate\":\"https:\/\/guinet-osteopathe.fr\/?s={search_term_string}\"},\"query-input\":\"required name=search_term_string\"}],\"inLanguage\":\"en-US\"}]}<\/script>\n<!-- \/ Yoast SEO plugin. -->","yoast_head_json":{"title":"L\u00e9gislation - Caroline Guinet","robots":{"index":"index","follow":"follow","max-snippet":"max-snippet:-1","max-image-preview":"max-image-preview:large","max-video-preview":"max-video-preview:-1"},"canonical":"http:\/\/guinet-osteopathe.fr\/index.php\/legislations\/","og_locale":"en_US","og_type":"article","og_title":"L\u00e9gislation - Caroline Guinet","og_description":"Les Ecoles agr\u00e9\u00e9es d\u00e9livrent une formation minimum de 3 ann\u00e9es. Le Coll\u00e8ge Ost\u00e9opathique Europ\u00e9en de Cergy qui m&#8217;a form\u00e9e, d\u00e9livre le dipl\u00f4me \u00e0 l&#8217;issue d&#8217;une formation de 6 ann\u00e9es avec soutenance de m\u00e9moire, conduisant au titre d&#8217;Ost\u00e9opathe D.O. (Dipl\u00f4me en Ost\u00e9opathie). La liste des actes que les ost\u00e9opathes sont autoris\u00e9s \u00e0 pratiquer et les conditions [&hellip;]","og_url":"http:\/\/guinet-osteopathe.fr\/index.php\/legislations\/","og_site_name":"Caroline Guinet","article_modified_time":"2015-09-11T12:01:17+00:00","twitter_card":"summary_large_image","twitter_misc":{"Est. reading time":"1 minute"},"schema":{"@context":"https:\/\/schema.org","@graph":[{"@type":"WebPage","@id":"http:\/\/guinet-osteopathe.fr\/index.php\/legislations\/","url":"http:\/\/guinet-osteopathe.fr\/index.php\/legislations\/","name":"L\u00e9gislation - Caroline Guinet","isPartOf":{"@id":"https:\/\/guinet-osteopathe.fr\/#website"},"datePublished":"2015-09-08T21:09:55+00:00","dateModified":"2015-09-11T12:01:17+00:00","breadcrumb":{"@id":"http:\/\/guinet-osteopathe.fr\/index.php\/legislations\/#breadcrumb"},"inLanguage":"en-US","potentialAction":[{"@type":"ReadAction","target":["http:\/\/guinet-osteopathe.fr\/index.php\/legislations\/"]}]},{"@type":"BreadcrumbList","@id":"http:\/\/guinet-osteopathe.fr\/index.php\/legislations\/#breadcrumb","itemListElement":[{"@type":"ListItem","position":1,"name":"Accueil","item":"https:\/\/guinet-osteopathe.fr\/"},{"@type":"ListItem","position":2,"name":"L\u00e9gislation"}]},{"@type":"WebSite","@id":"https:\/\/guinet-osteopathe.fr\/#website","url":"https:\/\/guinet-osteopathe.fr\/","name":"Caroline Guinet","description":"Cabinet d&#039;Ost&eacute;opathie","potentialAction":[{"@type":"SearchAction","target":{"@type":"EntryPoint","urlTemplate":"https:\/\/guinet-osteopathe.fr\/?s={search_term_string}"},"query-input":"required name=search_term_string"}],"inLanguage":"en-US"}]}},"_links":{"self":[{"href":"http:\/\/guinet-osteopathe.fr\/index.php\/wp-json\/wp\/v2\/pages\/33"}],"collection":[{"href":"http:\/\/guinet-osteopathe.fr\/index.php\/wp-json\/wp\/v2\/pages"}],"about":[{"href":"http:\/\/guinet-osteopathe.fr\/index.php\/wp-json\/wp\/v2\/types\/page"}],"author":[{"embeddable":true,"href":"http:\/\/guinet-osteopathe.fr\/index.php\/wp-json\/wp\/v2\/users\/1"}],"replies":[{"embeddable":true,"href":"http:\/\/guinet-osteopathe.fr\/index.php\/wp-json\/wp\/v2\/comments?post=33"}],"version-history":[{"count":3,"href":"http:\/\/guinet-osteopathe.fr\/index.php\/wp-json\/wp\/v2\/pages\/33\/revisions"}],"predecessor-version":[{"id":110,"href":"http:\/\/guinet-osteopathe.fr\/index.php\/wp-json\/wp\/v2\/pages\/33\/revisions\/110"}],"wp:attachment":[{"href":"http:\/\/guinet-osteopathe.fr\/index.php\/wp-json\/wp\/v2\/media?parent=33"}],"curies":[{"name":"wp","href":"https:\/\/api.w.org\/{rel}","templated":true}]}}