{"id":89,"date":"2015-09-09T21:10:33","date_gmt":"2015-09-09T21:10:33","guid":{"rendered":"http:\/\/guinet-osteopathe.fr\/?page_id=89"},"modified":"2015-09-28T14:15:41","modified_gmt":"2015-09-28T14:15:41","slug":"senior","status":"publish","type":"page","link":"http:\/\/guinet-osteopathe.fr\/index.php\/senior\/","title":{"rendered":"Senior"},"content":{"rendered":"<div id=\"pl-89\"  class=\"panel-layout\" ><div id=\"pg-89-0\"  class=\"panel-grid panel-no-style\" ><div id=\"pgc-89-0-0\"  class=\"panel-grid-cell\" ><div id=\"panel-89-0-0-0\" class=\"so-panel widget widget_sow-editor panel-first-child panel-last-child\" data-index=\"0\" ><div\n\t\t\t\n\t\t\tclass=\"so-widget-sow-editor so-widget-sow-editor-base\"\n\t\t\t\n\t\t><h3 class=\"widget-title\">Quand consulter ?<\/h3>\n<div class=\"siteorigin-widget-tinymce textwidget\">\n\t<p><strong>A titre pr\u00e9ventif<\/strong> :<\/p>\n<p>- Le bilan permet d'assurer un certain confort dans la vie quotidienne en \u00e9vitant l'apparition de douleurs.<br \/>- En cas d'une nouvelle activit\u00e9 physique ou d'une reprise d'une activit\u00e9 abandonn\u00e9e.<br \/>- En compl\u00e9ment d'une cure thermale.<\/p>\n<p>\u00a0<\/p>\n<p><strong>A titre curatif, <\/strong>suite \u00e0\u00a0:<\/p>\n<p>- Des douleurs articulaires et vert\u00e9brales.<br \/>- Des sciatiques ou des cruralgies.<br \/>- Des troubles digestifs et du petit bassin.<br \/>- Des troubles du sommeil.<br \/>- Des traumatismes anciens ou r\u00e9cents.<\/p>\n<p>\u00a0<\/p>\n<p><span style=\"color: #3366ff;\">Le geste ost\u00e9opathique s'adapte en fonction de l'\u00e2ge et des r\u00e9sultats des examens\u00a0compl\u00e9mentaires.<\/span><\/p>\n<\/div>\n<\/div><\/div><\/div><\/div><\/div>","protected":false},"excerpt":{"rendered":"<p>A titre pr\u00e9ventif :- Le bilan permet d&#8217;assurer un certain confort dans la vie quotidienne en \u00e9vitant l&#8217;apparition de douleurs.- En cas d&#8217;une nouvelle activit\u00e9 physique ou d&#8217;une reprise d&#8217;une activit\u00e9 abandonn\u00e9e.- En compl\u00e9ment d&#8217;une cure thermale.\u00a0A titre curatif, suite \u00e0\u00a0:- Des douleurs articulaires et vert\u00e9brales.- Des sciatiques ou des cruralgies.- Des troubles digestifs et [&hellip;]<\/p>\n","protected":false},"author":1,"featured_media":0,"parent":0,"menu_order":0,"comment_status":"closed","ping_status":"closed","template":"templates\/template-full.php","meta":[],"yoast_head":"<!-- This site is optimized with the Yoast SEO plugin v19.8 - https:\/\/yoast.com\/wordpress\/plugins\/seo\/ -->\n<title>Senior - Caroline Guinet<\/title>\n<meta name=\"robots\" content=\"index, follow, max-snippet:-1, max-image-preview:large, max-video-preview:-1\" \/>\n<link rel=\"canonical\" href=\"https:\/\/guinet-osteopathe.fr\/index.php\/senior\/\" \/>\n<meta property=\"og:locale\" content=\"en_US\" \/>\n<meta property=\"og:type\" content=\"article\" \/>\n<meta property=\"og:title\" content=\"Senior - Caroline Guinet\" \/>\n<meta property=\"og:description\" content=\"A titre pr\u00e9ventif :- Le bilan permet d&#039;assurer un certain confort dans la vie quotidienne en \u00e9vitant l&#039;apparition de douleurs.- En cas d&#039;une nouvelle activit\u00e9 physique ou d&#039;une reprise d&#039;une activit\u00e9 abandonn\u00e9e.- En compl\u00e9ment d&#039;une cure thermale.\u00a0A titre curatif, suite \u00e0\u00a0:- Des douleurs articulaires et vert\u00e9brales.- Des sciatiques ou des cruralgies.- Des troubles digestifs et [&hellip;]\" \/>\n<meta property=\"og:url\" content=\"https:\/\/guinet-osteopathe.fr\/index.php\/senior\/\" \/>\n<meta property=\"og:site_name\" content=\"Caroline Guinet\" \/>\n<meta property=\"article:modified_time\" content=\"2015-09-28T14:15:41+00:00\" \/>\n<meta name=\"twitter:card\" content=\"summary_large_image\" \/>\n<script type=\"application\/ld+json\" class=\"yoast-schema-graph\">{\"@context\":\"https:\/\/schema.org\",\"@graph\":[{\"@type\":\"WebPage\",\"@id\":\"https:\/\/guinet-osteopathe.fr\/index.php\/senior\/\",\"url\":\"https:\/\/guinet-osteopathe.fr\/index.php\/senior\/\",\"name\":\"Senior - Caroline Guinet\",\"isPartOf\":{\"@id\":\"https:\/\/guinet-osteopathe.fr\/#website\"},\"datePublished\":\"2015-09-09T21:10:33+00:00\",\"dateModified\":\"2015-09-28T14:15:41+00:00\",\"breadcrumb\":{\"@id\":\"https:\/\/guinet-osteopathe.fr\/index.php\/senior\/#breadcrumb\"},\"inLanguage\":\"en-US\",\"potentialAction\":[{\"@type\":\"ReadAction\",\"target\":[\"https:\/\/guinet-osteopathe.fr\/index.php\/senior\/\"]}]},{\"@type\":\"BreadcrumbList\",\"@id\":\"https:\/\/guinet-osteopathe.fr\/index.php\/senior\/#breadcrumb\",\"itemListElement\":[{\"@type\":\"ListItem\",\"position\":1,\"name\":\"Accueil\",\"item\":\"https:\/\/guinet-osteopathe.fr\/\"},{\"@type\":\"ListItem\",\"position\":2,\"name\":\"Senior\"}]},{\"@type\":\"WebSite\",\"@id\":\"https:\/\/guinet-osteopathe.fr\/#website\",\"url\":\"https:\/\/guinet-osteopathe.fr\/\",\"name\":\"Caroline Guinet\",\"description\":\"Cabinet d&#039;Ost&eacute;opathie\",\"potentialAction\":[{\"@type\":\"SearchAction\",\"target\":{\"@type\":\"EntryPoint\",\"urlTemplate\":\"https:\/\/guinet-osteopathe.fr\/?s={search_term_string}\"},\"query-input\":\"required name=search_term_string\"}],\"inLanguage\":\"en-US\"}]}<\/script>\n<!-- \/ Yoast SEO plugin. -->","yoast_head_json":{"title":"Senior - Caroline Guinet","robots":{"index":"index","follow":"follow","max-snippet":"max-snippet:-1","max-image-preview":"max-image-preview:large","max-video-preview":"max-video-preview:-1"},"canonical":"https:\/\/guinet-osteopathe.fr\/index.php\/senior\/","og_locale":"en_US","og_type":"article","og_title":"Senior - Caroline Guinet","og_description":"A titre pr\u00e9ventif :- Le bilan permet d'assurer un certain confort dans la vie quotidienne en \u00e9vitant l'apparition de douleurs.- En cas d'une nouvelle activit\u00e9 physique ou d'une reprise d'une activit\u00e9 abandonn\u00e9e.- En compl\u00e9ment d'une cure thermale.\u00a0A titre curatif, suite \u00e0\u00a0:- Des douleurs articulaires et vert\u00e9brales.- Des sciatiques ou des cruralgies.- Des troubles digestifs et [&hellip;]","og_url":"https:\/\/guinet-osteopathe.fr\/index.php\/senior\/","og_site_name":"Caroline Guinet","article_modified_time":"2015-09-28T14:15:41+00:00","twitter_card":"summary_large_image","schema":{"@context":"https:\/\/schema.org","@graph":[{"@type":"WebPage","@id":"https:\/\/guinet-osteopathe.fr\/index.php\/senior\/","url":"https:\/\/guinet-osteopathe.fr\/index.php\/senior\/","name":"Senior - Caroline Guinet","isPartOf":{"@id":"https:\/\/guinet-osteopathe.fr\/#website"},"datePublished":"2015-09-09T21:10:33+00:00","dateModified":"2015-09-28T14:15:41+00:00","breadcrumb":{"@id":"https:\/\/guinet-osteopathe.fr\/index.php\/senior\/#breadcrumb"},"inLanguage":"en-US","potentialAction":[{"@type":"ReadAction","target":["https:\/\/guinet-osteopathe.fr\/index.php\/senior\/"]}]},{"@type":"BreadcrumbList","@id":"https:\/\/guinet-osteopathe.fr\/index.php\/senior\/#breadcrumb","itemListElement":[{"@type":"ListItem","position":1,"name":"Accueil","item":"https:\/\/guinet-osteopathe.fr\/"},{"@type":"ListItem","position":2,"name":"Senior"}]},{"@type":"WebSite","@id":"https:\/\/guinet-osteopathe.fr\/#website","url":"https:\/\/guinet-osteopathe.fr\/","name":"Caroline Guinet","description":"Cabinet d&#039;Ost&eacute;opathie","potentialAction":[{"@type":"SearchAction","target":{"@type":"EntryPoint","urlTemplate":"https:\/\/guinet-osteopathe.fr\/?s={search_term_string}"},"query-input":"required name=search_term_string"}],"inLanguage":"en-US"}]}},"_links":{"self":[{"href":"http:\/\/guinet-osteopathe.fr\/index.php\/wp-json\/wp\/v2\/pages\/89"}],"collection":[{"href":"http:\/\/guinet-osteopathe.fr\/index.php\/wp-json\/wp\/v2\/pages"}],"about":[{"href":"http:\/\/guinet-osteopathe.fr\/index.php\/wp-json\/wp\/v2\/types\/page"}],"author":[{"embeddable":true,"href":"http:\/\/guinet-osteopathe.fr\/index.php\/wp-json\/wp\/v2\/users\/1"}],"replies":[{"embeddable":true,"href":"http:\/\/guinet-osteopathe.fr\/index.php\/wp-json\/wp\/v2\/comments?post=89"}],"version-history":[{"count":2,"href":"http:\/\/guinet-osteopathe.fr\/index.php\/wp-json\/wp\/v2\/pages\/89\/revisions"}],"predecessor-version":[{"id":126,"href":"http:\/\/guinet-osteopathe.fr\/index.php\/wp-json\/wp\/v2\/pages\/89\/revisions\/126"}],"wp:attachment":[{"href":"http:\/\/guinet-osteopathe.fr\/index.php\/wp-json\/wp\/v2\/media?parent=89"}],"curies":[{"name":"wp","href":"https:\/\/api.w.org\/{rel}","templated":true}]}}